digit of (-24)/24 + (f - -199)?
1
Let x be -4 + (-4 - -1 - -172). Suppose 0*n - x = -5*n. Suppose 0*w + n = w. What is the tens digit of w?
3
Let y be (-240 - 4)*(-2)/4. Let x = -69 + y. What is the tens digit of x?
5
Suppose -k + 1 = 0, 39*w - 34*w - 9158 = -3*k. What is the tens digit of w?
3
Suppose n - 3*c + 0*c - 42 = 0, -4*n + 133 = -5*c. Suppose 0 = 5*b - 2*b - 4*w + 28, -5*w = 4*b + n. What is the units digit of (-234)/b - (-3)/4?
0
Let m(q) = 894*q**2 + 3*q - 3. Let z be m(1). Suppose -z = -8*k + 154. What is the units digit of k?
1
Let a(h) = 30*h + 51. What is the tens digit of a(13)?
4
Let c(n) be the second derivative of 87*n**5/20 + n**4/12 - n**3/2 + n**2 + 17*n + 1. What is the units digit of c(1)?
7
Let q(r) = 5*r + 9. Let u be q(-3). Let c = 58 + u. What is the tens digit of c?
5
Let a be 3 - ((-278)/2 - (-2 + 2)). Let t = 212 - a. What is the units digit of t?
0
Suppose 3*u - 4*r - 264 = 0, -u - 2*r = -123 + 25. What is the tens digit of u?
9
Let k(x) = x - 2. Let u be k(4). Suppose -8 + 20 = u*w. Let l = 73 - w. What is the tens digit of l?
6
Let v(u) = -29*u**3 + 5*u - 4. Let h be v(-3). Let j = h - 516. What is the units digit of j?
8
Let h be 1*4/(-8)*-2*780. Suppose -5*s + h = -0*s. What is the hundreds digit of s?
1
Suppose 4*c + 281 - 2422 = -5*w, 3*w - 3 = 0. What is the units digit of c?
4
Let j(c) = 3*c**2 + 56*c - 37. What is the tens digit of j(-30)?
8
Let o = 22 - 12. Let s = o + -12. What is the units digit of 264/18 + s/(-6)?
5
Let r(h) be the first derivative of 117*h**4/4 + h - 22. What is the tens digit of r(1)?
1
Let g be (-5 - -1)/(-4) - -1. Suppose -g*x + 4*a = -5*x + 373, -126 = -x - 3*a. What is the units digit of x?
3
Suppose 3*l + 1687 = 2*i + 367, 8 = 2*l. What is the hundreds digit of i?
6
Suppose -876 + 8116 = 10*i. What is the hundreds digit of i?
7
Let b = 31 + -15. Let z = b - 7. What is the units digit of 6/z + (-201)/(-9)?
3
What is the units digit of 50/3*72/16?
5
Let r(z) = 3*z**2 - 31*z - 1. Let n be r(13). Suppose 3*o + 4*k + k = 202, 2*o - 3*k - n = 0. What is the tens digit of o?
5
Let z be (-1 - 37) + -5 + 5. Let i = z + 59. What is the units digit of i?
1
Let i = 32 + -8. Let z = -6 - i. What is the tens digit of (-654)/z + 1/5?
2
Suppose -28*d = 1074 - 3790. What is the units digit of d?
7
Let n = 244 - -308. What is the tens digit of n?
5
Suppose 3*l = 6, -3*d + l + 10 = 6*l. Suppose -4*t = -2*p + 44, -2*t - 142 = -5*p - d*t. Suppose -p = -7*s + 2*s. What is the units digit of s?
6
Let z be 2 - ((-3 - 1) + -244). Let j = z - 56. What is the tens digit of j?
9
Let p = 6 - 7. What is the units digit of (-378)/(-6) - 2*p?
5
Let q(a) = a**2 + 8*a. Suppose -2 = -5*j - 7. Let k be ((-33)/(-3))/j - -2. What is the units digit of q(k)?
9
Let g be (1 - 5)*1845/20. Let h = g - -623. What is the hundreds digit of h?
2
Let n(o) = -744*o**3 - 3*o**2 - 3*o - 1. What is the units digit of n(-1)?
3
Let d be (-129 - 0)/(15/(-15)). Suppose 8*o = 63 + d. What is the tens digit of o?
2
Suppose -15 = -5*v + 2*v. Suppose 0*p = -3*p + 3, 4*r = v*p + 59. Let z = r - 8. What is the units digit of z?
8
Let i = 492 + 99. What is the tens digit of i?
9
Let p = 9 - 6. Suppose 0*j - 27 = -p*j. What is the units digit of j - ((0 - 0) + 1)?
8
Let l(a) = -91*a - 401. What is the units digit of l(-6)?
5
What is the tens digit of 3 + 0 + 6/(-6) + 1278?
8
Let o(w) = w. Let x(r) = 7*r - 1. Let q = 26 + -29. Let t(y) = q*o(y) + x(y). What is the units digit of t(6)?
3
Let h be 1*(1/3)/(3/(-9)). What is the units digit of h - (-6)/4 - (-249)/6?
2
Suppose 3*i - 12 = 0, 16 = -5*q + 3*i + i. Suppose 5*a = -q*a + 295. What is the units digit of a?
9
Suppose -5*r = -4*l + 15242, 3*l = 3*r + 2220 + 9213. What is the units digit of l?
3
Let n be 207 + 0 + -14 + 9. Let m(r) = -2*r**3 + 3*r**2 - r + 2. Let w be m(2). What is the units digit of (-3)/w - n/(-8)?
6
Let x(n) = 2*n**2 + 9*n + 26. What is the tens digit of x(-5)?
3
Let j = -231 - -353. Suppose j = 3*w + k, 2*w - 2*k - 29 = 63. What is the units digit of w?
2
Suppose -4*b + 3*v = -51, 2*b - 33 = 6*v - 3*v. Suppose b + 0 = -3*h. What is the units digit of 4/h*228/(-8)?
8
What is the tens digit of (5/100*5)/(2/23512)?
3
Let j be (-6)/39 - (-204)/(-26). What is the tens digit of (4/j)/((-1)/(-2)) - -16?
1
Let o(w) = -w**3 + 4*w**2 + 5*w - 3. Let v be (-10)/(-4) - (-1)/(-2). Suppose -2*a - v = 2*k, a + 3*k = 6*k + 19. What is the tens digit of o(a)?
1
Let p(v) = 3*v**2 + 8*v + 60. What is the hundreds digit of p(20)?
4
Let n(h) = -2*h**3 + 2*h**2 + 23*h + 47. What is the tens digit of n(-7)?
7
Suppose -7*c + 407 = -223. What is the units digit of c?
0
Let w be (4/2 - 3)*1. Let v = 36 - w. Let o = -9 + v. What is the tens digit of o?
2
Let n(w) = 4*w**2 - 8*w - 10. Suppose s + 2*s + 16 = -2*o, s + 7 = o. What is the units digit of n(s)?
2
Suppose 4*f + 2648 = j, 4*j + 4*f - 13726 = -3194. What is the units digit of j?
6
Let h(t) = 17*t - 23. Let n be h(7). Let p = 164 - n. What is the tens digit of p?
6
Let f(r) = 5*r - 4. Let o be 1/(-5) - (-88)/40. Let c be f(o). What is the tens digit of c/(-21) - (-284)/14?
2
Let z = -1 + -2. What is the tens digit of (-3 + 2)/(z/141)?
4
Let d = 65 - 10. Suppose 3*j = 6*n - n + d, 5*j - n - 55 = 0. What is the tens digit of j?
1
Suppose 0 = -3*s - 5*j + 1576, -3*s = -j - 2315 + 715. Suppose 4*w - s = -0*w. What is the tens digit of w?
3
Suppose 0 = -1853*b + 1841*b + 2772. What is the tens digit of b?
3
Let d(n) = -6*n**3 + 3*n**2 + 35*n - 3. What is the units digit of d(-5)?
7
Let p be -20 - (-9)/(45/10). Let s = p + 24. What is the units digit of s?
6
Suppose 80 = -3*d + 5*d. Let p(a) = a**3 + 6*a**2 - 4*a - 9. Let i be p(-6). Let s = d - i. What is the tens digit of s?
2
Suppose 1095 = -a + 4*a + 2*t, 0 = 2*t. What is the units digit of a?
5
Let o(q) = 3*q**3 + 6*q**2 + q**3 + 5 - 11*q - 3*q**3. What is the tens digit of o(-6)?
7
Suppose -4*n + 17 = 3*f - 5*n, -2*n + 6 = 4*f. Suppose 2*h - f*h - 36 = 4*c, -3*h - 74 = -4*c. What is the units digit of 0 + 1/((-2)/h)?
1
What is the units digit of (-210)/18*(-12)/20*7?
9
Let y = 3 + 0. Let s = -7 - -7. Suppose s = -c - y*c + 16. What is the units digit of c?
4
Suppose 16 = -5*g - 44. Let d be ((-2)/(-4))/(g/(-72)). What is the tens digit of 33 - 2*d/(-6)?
3
Suppose -2*w + 3*w = 1. Let r be -12 - -16 - (0 - w). Suppose 0 = r*b - b - 32. What is the units digit of b?
8
Let g = -640 - -1205. Suppose -5*t + 0*t - 4*z = -g, 0 = 2*t + z - 226. What is the hundreds digit of t?
1
Suppose -187 = -8*c + 1445. What is the hundreds digit of c?
2
Suppose -1628 = -i + 5*n, -11*n + 8*n = -3*i + 4896. What is the thousands digit of i?
1
Suppose 26*f = 31*f + 120. What is the hundreds digit of -4 - (f/(-9))/((-8)/588)?
1
Let q = 16 + -12. Suppose 3*b - 16 + q = 0. Suppose -3*s - b = -43. What is the units digit of s?
3
Let q(m) = 24*m + 17. Let f(b) = -12*b - 8. Let y(p) = -11*f(p) - 6*q(p). What is the units digit of y(-4)?
4
Let l be 36*(2/8)/1. Let k = 12 - l. Suppose 3*q - 4*p + 0 = -6, 0 = -k*q + 3*p - 3. What is the units digit of q?
2
Let o(c) = 42*c**2 + 8*c + 1. What is the tens digit of o(-3)?
5
Let w(i) = 3*i**3 - 2*i**2 - 20*i + 121. What is the tens digit of w(5)?
4
Let v be 1/(4 - 30/8). Suppose -20 = v*y - 100. What is the tens digit of y?
2
Let b be 3/4 - (-3 + 1845/(-20)). Let d = b - 11. What is the units digit of d?
5
Let l be (-315)/30 - 1/(-2). Let b = l - -10. Suppose -4*w - w + 310 = b. What is the units digit of w?
2
Let p(n) = n**3 + n**2 - 4*n - 4. Let t be p(4). Let h be (-2)/7 - 4/(-14). Suppose 3*c - t = -3*d - 2*d, h = -2*c + d + 40. What is the units digit of c?
0
Suppose w = 3*r - 130, 3*w + 280 = w + r. Let s = 36 - w. Suppose s = 4*a + 2*v, 5*v - v - 188 = -4*a. What is the tens digit of a?
4
Let j(z) = z**3 + 3*z**2 - 2. Let m be j(-2). Suppose m*g - 138 - 54 = 0. What is the tens digit of g?
9
Suppose x - 1861 - 539 = 0. What is the thousands digit of x?
2
Let d = -96 + 136. Let t = d + 14. What is the units digit of t?
4
Suppose -3*d + f = -2353, 777 = d + 2*f - 6*f. What is the hundreds digit of d?
7
Suppose 8160 = 27*k + 7*k. What is the tens digit of k?
4
Let t(c) = 4*c + 0*c - 2*c + 1. Let a be t(-1). What is the units digit of (a - 0)/(1/(-5))?
5
Let x(a) = -